when (-1425)/(-33) + (-6)/w is divided by 15.
13
Suppose -5*p + 79 = 9. Suppose i + 5*h - 172 = 5*i, 0 = 4*i - 4*h + 176. Let a = i + 74. Calculate the remainder when a is divided by p.
12
Let m(r) = -r**3 + 10*r**2 - 5*r - 1. Calculate the remainder when m(9) is divided by 13.
9
Suppose 3*h + 130 = -2*h. Let j = 69 + h. Calculate the remainder when j is divided by 15.
13
Suppose x + 172 = 5*r + 68, 2*x + 103 = 5*r. Calculate the remainder when 82 is divided by r.
19
Suppose -3*x - 2 = x + 2*v, 0 = 3*x - v - 6. Let c(b) = -b**3 - 4*b**2 - 10*b - 5. Calculate the remainder when c(-4) is divided by (-6)/5*(-9 - x).
11
Let k(w) = -w**3 - 8*w**2 - 12*w - 3. What is the remainder when 191 is divided by k(-7)?
31
Suppose -2*r = -6*r + 48. Calculate the remainder when 35 is divided by r.
11
Suppose 3*z = -o + 6, -o + z = -17 + 7. Let c = o - 6. Suppose -c*k + 72 = k. What is the remainder when k is divided by 10?
8
Let w(p) = p**3 - 4*p**2 + 3*p - 2. Suppose 5*l - 24 + 4 = 0. What is the remainder when 17 is divided by w(l)?
7
Suppose 8*u - 6 = 6*u. Suppose 0 = -0*j + u*j - 60. What is the remainder when (-2)/6 - 232/(-3) is divided by j?
17
Calculate the remainder when (-64)/4*2/(16/(-14)) is divided by 6.
4
Suppose 0*y + 10 = -5*y. Calculate the remainder when (-6)/(-2) + (y - -19) is divided by 11.
9
Suppose -26 = -10*t - 6. Calculate the remainder when t is divided by 1.
0
What is the remainder when 53 is divided by 60/(-40)*28/(-3)?
11
Let u(s) = -s**3 - 5*s**2 - 3*s. Let w be u(-5). Let a = w + -1. What is the remainder when 27 is divided by a?
13
Suppose 0*n + 112 = 2*n. What is the remainder when n is divided by 15?
11
Let z(n) = -9*n**3 + n**2 + 2*n. Let k be z(-2). Let s = -31 + k. What is the remainder when s is divided by 14?
13
Let k be 1256/11 - 10/55. Let z = k - 53. Let a(f) = -f**3 + 4*f**2 + 6*f - 3. What is the remainder when z is divided by a(4)?
19
Let c be 9/(-3) - 12/2. Let k(a) = a + 11. What is the remainder when k(c) is divided by 1?
0
Let g(d) = -d**2 - 7*d + 2. What is the remainder when -1 - (2 + (0 - 37)) is divided by g(-5)?
10
Let o(m) = -m**3 + 2*m**2 + 7*m - 12. Let b be o(5). Let i = b - -93. What is the remainder when i is divided by 11?
8
Suppose p + 0*g - 11 = -2*g, 3*p = -g + 38. Let l = 21 - p. Calculate the remainder when l is divided by (-8)/36 - 29/(-9).
2
Let u(q) = -q**3 + 10*q - 14. What is the remainder when 19*(2 + (-1 - -1)) is divided by u(-4)?
8
Let p be -2 - 2/6*3. What is the remainder when 24 is divided by p/(-3*1)*13?
11
Suppose -3*s = s - 44. Let u be (-2)/(-9) + (-22)/18. Calculate the remainder when s is divided by 1*u*(-8)/2.
3
Let f = -56 - -85. Calculate the remainder when 201 is divided by f.
27
Let w(t) = -5*t + 5. Let c(n) = 4*n - 4. Let o(d) = -3*c(d) - 2*w(d). Let g = 310 - 308. Calculate the remainder when o(-2) is divided by g.
0
Let p be 4*(0 - (-22)/(-8)). Let j = p + 23. Calculate the remainder when j is divided by 7.
5
Let z = -47 - -65. Calculate the remainder when z is divided by 4.
2
Suppose 3*l = d - 190, 5*l + 457 = -d + 127. Let k = l - -115. Calculate the remainder when k is divided by 17.
16
Let f(p) = 13*p + 1. Let j(b) = -b**2 - 5*b + 1. Let w be j(-5). What is the remainder when f(w) is divided by 5?
4
Let f = 56 + -21. Suppose -f = -0*t - 5*t. What is the remainder when (-1 - 26)/(-1 - 0) is divided by t?
6
Let c be 82 - ((-1 - -3) + 0). Suppose 59 = 4*t + n, -t + 5*n + c = 4*t. What is the remainder when 44 is divided by t?
14
Let b(i) = -4 - i**3 - i + 2*i**3 + 5. Let g(m) = 6*m**3 + 5*m**2 - 8*m - 1. Let d(p) = -5*b(p) + g(p). Calculate the remainder when d(-5) is divided by 5.
4
Suppose -4*a - a = -85. What is the remainder when 67 is divided by a?
16
Suppose p - 2 = -0*p, 54 = -3*j + 3*p. Let g = 34 + j. Calculate the remainder when 14 is divided by 94/g - (-2)/(-9).
4
Suppose -4*x + 20 = 4*q + 4, 0 = 5*x + 2*q - 8. Suppose 3*w - 7 + 25 = x. What is the remainder when (-48)/20*20/w is divided by 5?
3
Suppose w + 0 = -2. Calculate the remainder when 21 is divided by 2 + 6 - (-4)/w.
3
Let q(v) = 3*v. What is the remainder when 22 is divided by q(4)?
10
Let b = 73 + -51. What is the remainder when (16/(-6))/(b/(-231)) is divided by 15?
13
What is the remainder when -2 + 28/4 - 1/1 is divided by 1?
0
Let z(g) = -2*g + 4. Calculate the remainder when 14 is divided by z(-2).
6
Suppose -4*c + 7 = q, 2*q + c - 36 = 4*c. Suppose -4*k - 5*t = -0*k - 7, q = -3*t. Suppose 120 = 5*v + 5. What is the remainder when v is divided by k?
7
Let d = 17 - 7. Calculate the remainder when d is divided by 12/4 + -5 - -8.
4
Let p(n) = -n + 22. Let x be (0 - 1)*(-3)/1. Calculate the remainder when p(16) is divided by x*(-3)/(9/(-2)).
0
Let v = 35 + -25. Calculate the remainder when 29 is divided by v.
9
Calculate the remainder when 10/(-5) + 5 + 16 is divided by 5.
4
Let y be (-1)/(-4) - (-22)/8. Suppose 2*k - k + y = 0. What is the remainder when 40 is divided by k*(2 + (-40)/6)?
12
Let r be (20/(-8))/((-2)/4). Suppose 0 = 4*h - 5*w - 44, 2*h - r*w = h + 11. Calculate the remainder when 54 is divided by h.
10
Suppose 37 = 5*q - 0*q + 3*x, -19 = -3*q - x. Suppose 0 = 4*i - d + 199, q*i + d = -d - 239. Let m = i - -78. Calculate the remainder when m is divided by 15.
14
Let b = 29 - 18. Calculate the remainder when 53 is divided by b.
9
Suppose 5*w = 5*v - 6 + 1, 4*v - 28 = -4*w. Suppose -2*m + 9 + w = 0. Suppose 0 = d - m - 3. Calculate the remainder when d is divided by 5.
4
Let v = 3 - -3. Suppose -v*s + 57 = -3*s. Calculate the remainder when s is divided by 10.
9
Let x = 13 + -2. What is the remainder when 21 is divided by x?
10
Suppose 3*m - 8 = 2*g, -g + 2*g - 5 = 0. What is the remainder when 11 is divided by m?
5
Suppose 2*z - 12 = -z. Suppose z*f - 100 = 4*s - 0*s, -3*s - f = 79. Let v = s + 57. Calculate the remainder when v is divided by 11.
9
Suppose 4*p - 46 = 2*p. Suppose -g + 5*g - 7 = -3*r, -r = -4*g + 3. Let l(b) = 8*b**3 - b**2 + 2*b - 1. What is the remainder when p is divided by l(r)?
7
Let o(j) = 9*j**2. Calculate the remainder when o(-1) is divided by 4.
1
Suppose -2*s - x + 11 = 3, -4*s = -5*x + 12. Suppose y = 2*y - 2. Let q = y + 2. Calculate the remainder when q is divided by s.
0
Let j(h) = -h**3 + 13*h**2 - 13*h + 13. Let z be j(12). Let v(w) be the first derivative of 19*w**2/2 - 1. What is the remainder when v(z) is divided by 7?
5
Let b = 34 - 20. Suppose 4*q + y = 12, -4*y + 4 = 6*q - q. Let o = b - q. Calculate the remainder when 19 is divided by o.
9
Let i(n) = n + 9. What is the remainder when i(-6) is divided by (-2 - 0)/(2 + -3)?
1
Let y = -46 - -85. Suppose -2*q + 2*f + 20 = 0, -3*q + 0*f = -f - 38. What is the remainder when y is divided by q?
11
Suppose -3*p + 12 = -p. Calculate the remainder when 17 is divided by p.
5
Let g be (-3)/2*32/(-12). Suppose -5*b + d = -2*d - 22, 3*d + 20 = g*b. Calculate the remainder when 17 is divided by (b - 1)/(2/18).
8
Let s = 5 - 1. Suppose -v = -s*v - 6, -v - 6 = -2*z. Let m = -7 + 12. Calculate the remainder when m is divided by z.
1
Suppose 3*x = 4*v + 71 + 64, 2*x - 110 = -4*v. What is the remainder when 146 is divided by x?
48
Suppose -12*c = -4*d - 11*c + 61, d - 3*c = 7. Calculate the remainder when 142 is divided by d.
14
Let v(z) = -2*z**3 - 4*z**2 + z. Calculate the remainder when v(-3) is divided by 6.
3
Suppose 5*o - 17 = -3*j, -17 = 3*o - 4*j - j. Let d be 5 + 2 + 0 + -2. Let z = d + -3. Calculate the remainder when z is divided by o.
0
Suppose -31 = -5*m + 3*u, 2*m - 7 = 3*u + 9. Suppose -m*z = -z + 132. Let s = z + 60. What is the remainder when s is divided by 14?
13
Let t(i) = -i + 14. Let q be t(0). Let h = 22 - q. Calculate the remainder when 14 is divided by h.
6
Suppose 5*z = 4*z + 11. Calculate the remainder when z is divided by 6.
5
Suppose 64 = -13*t + 350. Calculate the remainder when 83 is divided by t.
17
Let j(r) = -r**2 + 5*r + 5. Let f be j(5). Suppose 0 = -f*z - 5 + 65. Suppose 3*h + 6 = 0, 3*a - 27 = -2*a + h. Calculate the remainder when z is divided by a.
2
Let m = 5 - -2. Suppose -3 + m = 2*c. Calculate the remainder when c is divided by 2.
0
Suppose y = 4*f + 34 + 66, 5*y - f - 443 = 0. Calculate the remainder when y is divided by 45.
43
What is the remainder when 27 is divi